252 a factor of 474264?
True
Is 41394 a multiple of 4?
False
Is 411335 a multiple of 28?
False
Does 260 divide 366860?
True
Is 102704 a multiple of 49?
True
Does 57 divide 3083830?
False
Is 184 a factor of 1265920?
True
Does 65 divide 5000378?
False
Does 153 divide 40123?
False
Is 23085 a multiple of 3?
True
Does 215 divide 893755?
True
Is 60 a factor of 3881160?
True
Is 202 a factor of 977086?
False
Is 6217573 a multiple of 24?
False
Does 99 divide 3826809?
False
Is 1538604 a multiple of 41?
False
Does 19 divide 17201415?
False
Is 20764104 a multiple of 37?
True
Is 255141 a multiple of 45?
False
Is 20 a factor of 40700?
True
Is 15 a factor of 157810?
False
Does 36 divide 3263148?
True
Does 40 divide 3592640?
True
Is 288 a factor of 351783?
False
Is 36 a factor of 280764?
True
Is 225 a factor of 538389?
False
Is 21 a factor of 2422959?
True
Is 1956433 a multiple of 2?
False
Is 24560 a multiple of 59?
False
Does 283 divide 7008495?
True
Is 51 a factor of 33243?
False
Is 3610596 a multiple of 22?
True
Is 55456 a multiple of 8?
True
Is 124 a factor of 583638?
False
Is 137 a factor of 218464?
False
Does 84 divide 2722608?
True
Does 357 divide 207417?
True
Is 49 a factor of 440649?
False
Is 450896 a multiple of 30?
False
Is 11 a factor of 460291?
False
Is 7506000 a multiple of 30?
True
Is 18925964 a multiple of 1455?
False
Is 1005630 a multiple of 30?
True
Is 924875 a multiple of 245?
True
Does 422 divide 5208746?
True
Is 4 a factor of 510456?
True
Does 11 divide 4976576?
True
Is 14045868 a multiple of 606?
True
Is 307 a factor of 3916590?
False
Is 14 a factor of 3329270?
True
Does 1473 divide 981977?
False
Is 11988 a multiple of 18?
True
Is 33 a factor of 205434?
False
Is 7654782 a multiple of 12?
False
Is 6 a factor of 55524?
True
Is 665 a factor of 6655985?
True
Is 5 a factor of 66270?
True
Is 189 a factor of 107134?
False
Is 6813888 a multiple of 138?
True
Does 163 divide 8592545?
True
Is 3773 a multiple of 28?
False
Is 85722 a multiple of 29?
False
Is 185919 a multiple of 29?
True
Is 6 a factor of 16501?
False
Is 7 a factor of 161378?
True
Is 6447768 a multiple of 24?
True
Does 37 divide 5102670?
True
Is 58032 a multiple of 8?
True
Does 64 divide 139277?
False
Does 9 divide 894928?
False
Is 327 a factor of 363585?
False
Does 30 divide 978540?
True
Does 67 divide 215673?
True
Is 5775073 a multiple of 29?
False
Is 98 a factor of 3163832?
True
Is 29 a factor of 812511?
False
Is 20 a factor of 223680?
True
Does 192 divide 5469734?
False
Is 341383 a multiple of 255?
False
Is 309 a factor of 1665201?
True
Is 477604 a multiple of 185?
False
Is 27 a factor of 424791?
True
Is 126 a factor of 314521?
False
Is 48 a factor of 118962?
False
Is 14 a factor of 1353310?
True
Is 229 a factor of 31831?
True
Is 176 a factor of 130621?
False
Is 81810 a multiple of 162?
True
Is 8 a factor of 74841?
False
Is 139555 a multiple of 19?
True
Is 12415 a multiple of 24?
False
Is 373 a factor of 463833?
False
Is 10070434 a multiple of 334?
True
Is 2800415 a multiple of 49?
False
Does 61 divide 278160?
True
Is 553700 a multiple of 188?
False
Is 67 a factor of 178189?
False
Does 7 divide 331611?
True
Is 1363 a factor of 9425476?
False
Is 3159270 a multiple of 27?
True
Does 233 divide 268032?
False
Does 44 divide 682144?
False
Does 63 divide 381147?
False
Is 11 a factor of 114169?
True
Is 1573580 a multiple of 202?
True
Is 63 a factor of 172608?
False
Is 508016 a multiple of 17?
False
Is 1425739 a multiple of 36?
False
Is 89540 a multiple of 121?
True
Does 91 divide 151886?
False
Does 3 divide 4901539?
False
Does 181 divide 887081?
True
Is 14 a factor of 483756?
True
Is 9 a factor of 3476889?
True
Is 34320 a multiple of 110?
True
Is 6064314 a multiple of 32?
False
Is 3 a factor of 250732?
False
Does 133 divide 54039?
False
Does 47 divide 13389595?
True
Does 94 divide 57246?
True
Is 718422 a multiple of 80?
False
Is 78 a factor of 47869?
False
Is 30673 a multiple of 39?
False
Is 29 a factor of 220147?
False
Is 11 a factor of 210397?
True
Does 779 divide 6577682?
False
Is 89 a factor of 310097?
False
Is 11 a factor of 2339960?
False
Is 149 a factor of 204137?
False
Is 38 a factor of 626506?
True
Does 349 divide 448814?
True
Does 41 divide 127008?
False
Is 21808836 a multiple of 28?
True
Does 31 divide 14891?
False
Is 196 a factor of 1162476?
True
Is 258 a factor of 68112?
True
Is 93098 a multiple of 56?
False
Does 29 divide 426123?
False
Is 4 a factor of 35675?
False
Does 15 divide 6383?
False
Is 637293 a multiple of 79?
True
Is 97 a factor of 103335?
False
Does 7 divide 305893?
True
Is 970659 a multiple of 78?
False
Is 354510 a multiple of 6?
True
Is 13 a factor of 4472344?
False
Is 108879 a multiple of 400?
False
Does 17 divide 286235?
False
Is 545 a factor of 541185?
True
Is 194169 a multiple of 185?
False
Is 57 a factor of 91418?
False
Does 22 divide 2648548?
False
Is 2328254 a multiple of 21?
False
Does 835 divide 26217330?
True
Does 77 divide 224224?
True
Does 773 divide 1444268?
False
Is 69235 a multiple of 8?
False
Does 30 divide 233010?
True
Is 85 a factor of 8631325?
True
Is 1276 a factor of 5808998?
False
Is 418625 a multiple of 125?
True
Does 69 divide 120405?
True
Is 3476 a multiple of 3?
False
Is 187268 a multiple of 328?
False
Does 1468 divide 6503352?
False
Is 20003 a multiple of 13?
False
Does 94 divide 199187?
False
Is 5636502 a multiple of 38?
True
Does 7 divide 7742504?
True
Is 1002131 a multiple of 903?
False
Does 92 divide 3445308?
True
Is 177 a factor of 30451?
False
Does 6 divide 396150?
True
Is 752706 a multiple of 477?
True
Does 42 divide 152250?
True
Is 123410 a multiple of 86?
True
Does 76 divide 192476?
False
Does 14 divide 3211772?
False
Is 12 a factor of 3057495?
False
Is 284634 a multiple of 27?
True
Does 18 divide 151443?
False
Is 29970 a multiple of 12?
False
Is 7 a factor of 30566?
False
Is 8977650 a multiple of 439?
False
Is 563 a factor of 3326767?
True
Is 48 a factor of 284640?
True
Is 34 a factor of 11350764?
True
Is 9 a factor of 16236?
True
Is 1197582 a multiple of 275?
False
Is 122357 a multiple of 31?
True
Is 1694988 a multiple of 34?
False
Is 16108 a multiple of 143?
False
Does 207 divide 2506532?
False
Is 19516788 a multiple of 414?
True
Is 18 a factor of 3389562?
True
Is 951 a factor of 2930546?
False
Does 171 divide 12576914?
False
Does 31 divide 230795?
True
Is 3 a factor of 242?
False
Is 9 a factor of 343854?
True
Is 324 a factor of 1910483?
False
Is 62813 a multiple of 23?
True
Is 2006649 a multiple of 1202?
False
Does 286 divide 631392?
False
Does 5 divide 24043?
False
Is 154809 a multiple of 103?
True
Does 2 divide 5778?
True
Is 13 a factor of 507351?
True
Is 22 a factor of 29979?
False
Is 1758506 a multiple of 842?
False
Does 67 divide 648761?
True
Does 33 divide 4999170?
True
Is 123311 a multiple of 4?
False
Is 55 a factor of 2393875?
True
Does 22 divide 66953?
False
Is 273459 a multiple of 23?
False
Does 833 divide 355503?
False
Is 158 a factor of 202082?
True
Is 22 a factor of 746286?
False
Is 513 a factor of 2410074?
True
Is 9 a factor of 1144764?
True
Is 26 a factor of 2364596?
True
Does 161 divide 108665?
False
Does 265 divide 1055144?
False
Does 5 divide 1802995?
True
Is 11585936 a multiple of 1268?
False
Is 786508 a multiple of 13?
False
Is 608 a factor of 2150542?
False
Is 13433187 a multiple of 17?
False
Is 5019896 a multiple of 476?
True
Is 53 a factor of 2006103?
True
Is 61594 a multiple of 206?
True
Does 224 divide 1249472?
True
Is 1934507 a multiple of 15?
False
Is 881 a factor of 23735104?
False
Is 21113 a multiple of 19?
False
Is 65 a factor of 2804425?
True
Does 366 divide 270840?
True
Is 12 a factor of 516384?
True
Is 1522622 a multiple of 211?
False
Is 8595790 a multiple of 55?
False
Does 75 divide 110369?
False
Is 69 a factor of 200763?
False
Does 2049 divide 17436990?
True
Is 6 a factor of 4319373?
False
Is 267760 a multiple of 497?
False
Does 14 divide 780459?
False
Is 18 a factor of 486429?
False
Is 1503346 a multiple of 2?
True
Is 144 a factor of 2315420?
False
Is 135109 a multiple of 45?
False
Is 713062 a multiple of 1643?
True
Is 35 a factor of 99225?
True
Is 5313123 a multiple of 19?
False
Is 429297 a multiple of 16?
False
Does 28 divide 229684?
True
Does 18 divide 31680?
True
Is 124 a factor 